at are the prime factors of 18486?
2, 3, 13, 79
What are the prime factors of 3258?
2, 3, 181
What are the prime factors of 6988?
2, 1747
List the prime factors of 4105.
5, 821
List the prime factors of 42.
2, 3, 7
List the prime factors of 22101.
3, 53, 139
What are the prime factors of 3732?
2, 3, 311
What are the prime factors of 55848?
2, 3, 13, 179
What are the prime factors of 3389?
3389
List the prime factors of 68118.
2, 3, 11353
What are the prime factors of 18212?
2, 29, 157
What are the prime factors of 2459?
2459
List the prime factors of 278.
2, 139
List the prime factors of 270.
2, 3, 5
What are the prime factors of 85332?
2, 3, 13, 547
List the prime factors of 12605.
5, 2521
What are the prime factors of 32840?
2, 5, 821
List the prime factors of 84177.
3, 47, 199
What are the prime factors of 18633?
3, 6211
What are the prime factors of 20592?
2, 3, 11, 13
List the prime factors of 800.
2, 5
List the prime factors of 26.
2, 13
List the prime factors of 3364.
2, 29
List the prime factors of 44518.
2, 22259
What are the prime factors of 1936?
2, 11
List the prime factors of 11871.
3, 1319
What are the prime factors of 1632?
2, 3, 17
List the prime factors of 1647.
3, 61
What are the prime factors of 1148?
2, 7, 41
What are the prime factors of 5410?
2, 5, 541
List the prime factors of 1103.
1103
List the prime factors of 14921.
43, 347
List the prime factors of 4424.
2, 7, 79
List the prime factors of 4671.
3, 173
What are the prime factors of 7464?
2, 3, 311
List the prime factors of 69551.
157, 443
What are the prime factors of 1551?
3, 11, 47
List the prime factors of 10547.
53, 199
What are the prime factors of 66199?
7, 193
List the prime factors of 3558.
2, 3, 593
List the prime factors of 27399.
3, 9133
What are the prime factors of 287?
7, 41
List the prime factors of 11379.
3, 3793
List the prime factors of 2071.
19, 109
What are the prime factors of 5564?
2, 13, 107
What are the prime factors of 30652?
2, 79, 97
What are the prime factors of 1227?
3, 409
List the prime factors of 221.
13, 17
List the prime factors of 12621.
3, 7, 601
List the prime factors of 597.
3, 199
What are the prime factors of 30907?
31, 997
List the prime factors of 10974.
2, 3, 31, 59
What are the prime factors of 14148?
2, 3, 131
What are the prime factors of 23798?
2, 73, 163
List the prime factors of 7784.
2, 7, 139
List the prime factors of 81.
3
What are the prime factors of 11879?
7, 1697
List the prime factors of 29085.
3, 5, 7, 277
List the prime factors of 460.
2, 5, 23
List the prime factors of 26175.
3, 5, 349
What are the prime factors of 1229?
1229
What are the prime factors of 380?
2, 5, 19
What are the prime factors of 5916?
2, 3, 17, 29
List the prime factors of 1410.
2, 3, 5, 47
What are the prime factors of 21984?
2, 3, 229
What are the prime factors of 1277?
1277
List the prime factors of 1987.
1987
What are the prime factors of 37251?
3, 4139
What are the prime factors of 7465?
5, 1493
What are the prime factors of 1047?
3, 349
List the prime factors of 4919.
4919
List the prime factors of 5454.
2, 3, 101
What are the prime factors of 22826?
2, 101, 113
List the prime factors of 339.
3, 113
What are the prime factors of 964?
2, 241
List the prime factors of 815.
5, 163
What are the prime factors of 379?
379
What are the prime factors of 10416?
2, 3, 7, 31
What are the prime factors of 45570?
2, 3, 5, 7, 31
List the prime factors of 750.
2, 3, 5
What are the prime factors of 17164?
2, 7, 613
List the prime factors of 3983.
7, 569
List the prime factors of 114805.
5, 22961
List the prime factors of 176985.
3, 5, 19, 23
What are the prime factors of 54074?
2, 19, 1423
List the prime factors of 50590.
2, 5, 5059
List the prime factors of 112.
2, 7
What are the prime factors of 2802?
2, 3, 467
What are the prime factors of 32004?
2, 3, 7, 127
List the prime factors of 961.
31
What are the prime factors of 11126?
2, 5563
What are the prime factors of 8381?
17, 29
What are the prime factors of 2348?
2, 587
List the prime factors of 18551.
13, 1427
List the prime factors of 635.
5, 127
What are the prime factors of 1452?
2, 3, 11
List the prime factors of 4082.
2, 13, 157
List the prime factors of 29249.
11, 2659
List the prime factors of 29444.
2, 17, 433
What are the prime factors of 4186?
2, 7, 13, 23
What are the prime factors of 12700?
2, 5, 127
List the prime factors of 17593.
73, 241
What are the prime factors of 3369?
3, 1123
What are the prime factors of 111248?
2, 17, 409
What are the prime factors of 87805?
5, 17, 1033
List the prime factors of 1632.
2, 3, 17
What are the prime factors of 8621?
37, 233
What are the prime factors of 12093?
3, 29, 139
List the prime factors of 584.
2, 73
What are the prime factors of 7498?
2, 23, 163
List the prime factors of 57073.
57073
What are the prime factors of 178099?
241, 739
What are the prime factors of 159664?
2, 17, 587
List the prime factors of 2449.
31, 79
What are the prime factors of 62239?
109, 571
List the prime factors of 5889.
3, 13, 151
List the prime factors of 149457.
3, 7, 11, 647
List the prime factors of 313.
313
List the prime factors of 3836.
2, 7, 137
What are the prime factors of 59613?
3, 31, 641
What are the prime factors of 1836?
2, 3, 17
What are the prime factors of 1453?
1453
List the prime factors of 53710.
2, 5, 41, 131
List the prime factors of 1085.
5, 7, 31
List the prime factors of 187.
11, 17
List the prime factors of 58428.
2, 3, 541
List the prime factors of 347.
347
List the prime factors of 48367.
11, 4397
What are the prime factors of 32673?
3, 10891
What are the prime factors of 6515?
5, 1303
What are the prime factors of 1561?
7, 223
List the prime factors of 13795.
5, 31, 89
List the prime factors of 18672.
2, 3, 389
List the prime factors of 4668.
2, 3, 389
What are the prime factors of 8231?
8231
What are the prime factors of 5749?
5749
List the prime factors of 1282.
2, 641
What are the prime factors of 4372?
2, 1093
What are the prime factors of 3999?
3, 31, 43
What are the prime factors of 38112?
2, 3, 397
List the prime factors of 28190.
2, 5, 2819
What are the prime factors of 739?
739
List the prime factors of 6312.
2, 3, 263
What are the prime factors of 820?
2, 5, 41
What are the prime factors of 6675?
3, 5, 89
What are the prime factors of 216?
2, 3
List the prime factors of 14076.
2, 3, 17, 23
What are the prime factors of 6229?
6229
What are the prime factors of 13778?
2, 83
What are the prime factors of 41613?
3, 11, 13, 97
What are the prime factors of 4630?
2, 5, 463
List the prime factors of 1138.
2, 569
What are the prime factors of 308?
2, 7, 11
List the prime factors of 9411.
3, 3137
What are the prime factors of 1574?
2, 787
List the prime factors of 10993.
10993
What are the prime factors of 7617?
3, 2539
List the prime factors of 3481.
59
List the prime factors of 132110.
2, 5, 11, 1201
What are the prime factors of 205?
5, 41
List the prime factors of 53519.
109, 491
List the prime factors of 1671.
3, 557
List the prime factors of 463.
463
List the prime factors of 35994.
2, 3, 7, 857
What are the prime factors of 538?
2, 269
List the prime factors of 149984.
2, 43, 109
What are the prime factors of 10502?
2, 59, 89
List the prime factors of 14945.
5, 7, 61
List the prime factors of 53825.
5, 2153
What are the prime factors of 33705?
3, 5, 7, 107
What are the prime factors of 12619?
12619
What are the prime factors of 2667?
3, 7, 127
List the prime factors of 116668.
2, 29167
List the prime factors of 3455.
5, 691
What are the prime factors of 11?
11
List the prime factors of 76999.
13, 5923
List the prime factors of 9568.
2, 13, 23
What are the prime factors of 778?
2, 389
What are the prime factors of 4200?
2, 3, 5, 7
What are the prime factors of 25908?
2, 3, 17, 127
What are the prime factors of 41821?
13, 3217
List the prime factors of 1848.
2, 3, 7, 11
What are the prime factors of 2284?
2, 571
What are the prime factors of 540?
2, 3, 5
What are the prime factors of 38526?
2, 3, 6421
List the prime factors of 193.
193
List the prime factors of 15665.
5, 13, 241
What are the prime factors of 7044?
2, 3, 587
What are the prime factors of 993?
3, 331
What are the prime factors of 22170?
2, 3, 5, 739
List th